e factors of 147045.
3, 5, 9803
List the prime factors of 1131422.
2, 443, 1277
What are the prime factors of 140491?
13, 101, 107
What are the prime factors of 361720?
2, 5, 9043
What are the prime factors of 4593134?
2, 7, 13, 25237
What are the prime factors of 262876?
2, 65719
List the prime factors of 232625.
5, 1861
What are the prime factors of 2033509?
29, 70121
What are the prime factors of 227519?
227519
What are the prime factors of 1678495?
5, 7, 13, 17, 31
List the prime factors of 253646.
2, 126823
List the prime factors of 30659507.
30659507
What are the prime factors of 6577?
6577
What are the prime factors of 2372477?
37, 1733
What are the prime factors of 12082346?
2, 523, 11551
What are the prime factors of 4767104?
2, 37243
What are the prime factors of 928350?
2, 3, 5, 2063
What are the prime factors of 1421259?
3, 7, 67679
What are the prime factors of 1553086?
2, 17, 2687
What are the prime factors of 151928?
2, 7, 2713
What are the prime factors of 101112?
2, 3, 11, 383
What are the prime factors of 923325?
3, 5, 13, 947
List the prime factors of 6179.
37, 167
List the prime factors of 1204892.
2, 13, 17, 29, 47
List the prime factors of 17354121.
3, 23, 163, 1543
What are the prime factors of 17048198?
2, 23, 370613
List the prime factors of 1104291.
3, 29, 4231
What are the prime factors of 4816698?
2, 3, 802783
What are the prime factors of 13556651?
13556651
List the prime factors of 1118507.
13, 97, 887
What are the prime factors of 4628965?
5, 11, 84163
What are the prime factors of 26189693?
41, 397, 1609
List the prime factors of 8989020.
2, 3, 5, 49939
What are the prime factors of 361563?
3, 191, 631
What are the prime factors of 4715140?
2, 5, 431, 547
List the prime factors of 6814473.
3, 449, 5059
List the prime factors of 2747246.
2, 41, 33503
List the prime factors of 5215865.
5, 1043173
List the prime factors of 2053722.
2, 3, 11, 29, 37
List the prime factors of 2476254.
2, 3, 11, 17, 2207
List the prime factors of 180899.
19, 9521
What are the prime factors of 23809844?
2, 1487, 4003
What are the prime factors of 9007192?
2, 1125899
List the prime factors of 7110184.
2, 888773
What are the prime factors of 23334169?
23334169
What are the prime factors of 1261359?
3, 11, 31, 137
List the prime factors of 479751.
3, 43, 3719
What are the prime factors of 424929?
3, 197, 719
List the prime factors of 9537524.
2, 2384381
List the prime factors of 6472454.
2, 421, 7687
What are the prime factors of 2270432?
2, 70951
List the prime factors of 204148.
2, 7, 23, 317
What are the prime factors of 319140?
2, 3, 5, 197
List the prime factors of 5615990.
2, 5, 561599
List the prime factors of 10411658.
2, 19, 311, 881
List the prime factors of 817258.
2, 13, 17, 43
What are the prime factors of 4787758?
2, 2393879
List the prime factors of 1640284.
2, 37, 11083
List the prime factors of 2183302.
2, 11, 99241
List the prime factors of 1482803.
7, 47, 4507
List the prime factors of 3297547.
11, 299777
What are the prime factors of 191757?
3, 41, 1559
What are the prime factors of 8456430?
2, 3, 5, 61, 4621
What are the prime factors of 221509?
221509
List the prime factors of 477932.
2, 7, 13, 101
What are the prime factors of 9548853?
3, 3182951
List the prime factors of 1953412.
2, 488353
List the prime factors of 440917.
271, 1627
List the prime factors of 11252717.
7, 67, 23993
List the prime factors of 86689.
86689
What are the prime factors of 726717?
3, 37, 6547
What are the prime factors of 223029?
3, 24781
What are the prime factors of 10791139?
1217, 8867
List the prime factors of 6915970.
2, 5, 53, 13049
List the prime factors of 290648.
2, 47, 773
What are the prime factors of 3916667?
3916667
List the prime factors of 77359.
77359
What are the prime factors of 1452115?
5, 7, 5927
What are the prime factors of 2119372?
2, 41, 12923
List the prime factors of 411985.
5, 7, 79, 149
What are the prime factors of 7775447?
2063, 3769
List the prime factors of 9083822.
2, 11, 412901
What are the prime factors of 5390646?
2, 3, 557, 1613
List the prime factors of 204509.
204509
What are the prime factors of 18987?
3, 6329
What are the prime factors of 123018?
2, 3, 7, 29, 101
What are the prime factors of 246253?
7, 127, 277
List the prime factors of 12196380.
2, 3, 5, 7, 71, 409
What are the prime factors of 790640?
2, 5, 9883
What are the prime factors of 27578956?
2, 19, 71, 269
List the prime factors of 859122.
2, 3, 11, 4339
List the prime factors of 1623559.
7, 41, 5657
What are the prime factors of 90732?
2, 3, 7561
List the prime factors of 2909319.
3, 7, 31, 41, 109
List the prime factors of 172113.
3, 103, 557
What are the prime factors of 2811500?
2, 5, 5623
What are the prime factors of 10050517?
23, 436979
What are the prime factors of 1051785?
3, 5, 7, 53
List the prime factors of 394226.
2, 7, 29, 971
List the prime factors of 28186.
2, 17, 829
List the prime factors of 12277101.
3, 23, 177929
What are the prime factors of 1504000?
2, 5, 47
What are the prime factors of 28690525?
5, 1147621
What are the prime factors of 14943779?
257, 58147
What are the prime factors of 87403?
87403
List the prime factors of 15436.
2, 17, 227
List the prime factors of 4018709.
19, 257, 823
List the prime factors of 9053667.
3, 7, 47903
List the prime factors of 13149419.
2111, 6229
List the prime factors of 128058.
2, 3, 7, 3049
List the prime factors of 102303.
3, 421
List the prime factors of 3451581.
3, 7, 54787
List the prime factors of 31126.
2, 79, 197
What are the prime factors of 2167467?
3, 722489
List the prime factors of 2199084.
2, 3, 401, 457
List the prime factors of 2157513.
3, 29, 24799
What are the prime factors of 2619514?
2, 1309757
What are the prime factors of 16417295?
5, 383, 8573
What are the prime factors of 4288952?
2, 97, 5527
What are the prime factors of 586037?
586037
List the prime factors of 268959.
3, 89653
What are the prime factors of 9793430?
2, 5, 979343
List the prime factors of 36327751.
173, 209987
What are the prime factors of 111110?
2, 5, 41, 271
List the prime factors of 234017.
7, 101, 331
What are the prime factors of 2803279?
19, 147541
What are the prime factors of 279911?
317, 883
What are the prime factors of 1677081?
3, 7, 79861
What are the prime factors of 23801401?
13, 71, 107, 241
List the prime factors of 13735.
5, 41, 67
What are the prime factors of 7554350?
2, 5, 23, 6569
List the prime factors of 22003053.
3, 877, 8363
What are the prime factors of 394951?
29, 13619
List the prime factors of 691691.
7, 11, 13, 691
What are the prime factors of 783983?
571, 1373
List the prime factors of 3682369.
23, 6961
List the prime factors of 592469.
592469
List the prime factors of 14855387.
14855387
List the prime factors of 177558.
2, 3, 101, 293
List the prime factors of 1704822.
2, 3, 7, 40591
List the prime factors of 1265298.
2, 3, 227, 929
What are the prime factors of 12598?
2, 6299
What are the prime factors of 8314771?
8314771
List the prime factors of 341678.
2, 29, 43, 137
List the prime factors of 17335824.
2, 3, 11, 32833
What are the prime factors of 343500?
2, 3, 5, 229
What are the prime factors of 291496?
2, 83, 439
What are the prime factors of 389770?
2, 5, 38977
List the prime factors of 2600853.
3, 19, 103, 443
List the prime factors of 352343.
463, 761
List the prime factors of 21183792.
2, 3, 7, 67, 941
What are the prime factors of 11061119?
11061119
List the prime factors of 1804957.
7, 11, 2131
What are the prime factors of 5396547?
3, 13, 138373
List the prime factors of 167830.
2, 5, 13, 1291
List the prime factors of 179600.
2, 5, 449
List the prime factors of 58125.
3, 5, 31
List the prime factors of 5745713.
5745713
List the prime factors of 8967637.
7, 197, 929
List the prime factors of 5211715.
5, 41, 25423
What are the prime factors of 1310255?
5, 262051
List the prime factors of 3953838.
2, 3, 7, 23, 4093
List the prime factors of 443793.
3, 7, 3019
What are the prime factors of 10355182?
2, 5177591
What are the prime factors of 1764922?
2, 882461
What are the prime factors of 4845850?
2, 5, 17, 5701
What are the prime factors of 12795763?
227, 56369
List the prime factors of 2909758.
2, 107, 13597
What are the prime factors o